 of 2216740?
2
What is the thousands digit of 4141205?
1
What is the hundreds digit of 2652819?
8
What is the hundred thousands digit of 3851206?
8
What is the millions digit of 7505440?
7
What is the units digit of 5271444?
4
What is the hundred thousands digit of 186079?
1
What is the tens digit of 3374134?
3
What is the hundred thousands digit of 1307273?
3
What is the hundreds digit of 240546?
5
What is the hundreds digit of 276304?
3
What is the ten thousands digit of 79602?
7
What is the hundreds digit of 288439?
4
What is the ten thousands digit of 18196408?
9
What is the tens digit of 14688789?
8
What is the units digit of 20893113?
3
What is the tens digit of 986050?
5
What is the thousands digit of 3795858?
5
What is the units digit of 89029?
9
What is the tens digit of 78492?
9
What is the thousands digit of 255962?
5
What is the tens digit of 29437?
3
What is the tens digit of 4490168?
6
What is the ten millions digit of 10782401?
1
What is the millions digit of 3370327?
3
What is the tens digit of 306011?
1
What is the ten millions digit of 11769846?
1
What is the tens digit of 2281458?
5
What is the units digit of 1619777?
7
What is the hundred thousands digit of 445524?
4
What is the units digit of 5862768?
8
What is the tens digit of 13437983?
8
What is the hundreds digit of 14511576?
5
What is the thousands digit of 1452981?
2
What is the ten thousands digit of 19916517?
1
What is the millions digit of 2706955?
2
What is the hundred thousands digit of 4533946?
5
What is the hundred thousands digit of 8769352?
7
What is the ten thousands digit of 6397647?
9
What is the hundreds digit of 5005166?
1
What is the hundred thousands digit of 206489?
2
What is the ten thousands digit of 9487081?
8
What is the ten thousands digit of 21261689?
6
What is the units digit of 579260?
0
What is the tens digit of 516649?
4
What is the thousands digit of 206810?
6
What is the units digit of 727360?
0
What is the ten thousands digit of 9010441?
1
What is the hundreds digit of 4518776?
7
What is the units digit of 4487813?
3
What is the thousands digit of 246001?
6
What is the ten thousands digit of 5347492?
4
What is the thousands digit of 947247?
7
What is the tens digit of 2188878?
7
What is the tens digit of 2529760?
6
What is the hundred thousands digit of 885626?
8
What is the hundred thousands digit of 406118?
4
What is the hundred thousands digit of 949753?
9
What is the units digit of 703900?
0
What is the thousands digit of 6151593?
1
What is the thousands digit of 670512?
0
What is the thousands digit of 10017347?
7
What is the units digit of 454281?
1
What is the ten thousands digit of 284160?
8
What is the tens digit of 2572489?
8
What is the hundreds digit of 194657?
6
What is the units digit of 757121?
1
What is the hundred thousands digit of 16868435?
8
What is the hundreds digit of 14026542?
5
What is the thousands digit of 1703333?
3
What is the thousands digit of 807208?
7
What is the tens digit of 520202?
0
What is the tens digit of 387199?
9
What is the thousands digit of 1149491?
9
What is the ten thousands digit of 2829646?
2
What is the millions digit of 1043855?
1
What is the hundred thousands digit of 3809055?
8
What is the hundreds digit of 397146?
1
What is the hundreds digit of 5101335?
3
What is the ten thousands digit of 16030807?
3
What is the units digit of 87638?
8
What is the tens digit of 235442?
4
What is the tens digit of 6288923?
2
What is the millions digit of 8371481?
8
What is the hundreds digit of 70648?
6
What is the hundreds digit of 303776?
7
What is the ten thousands digit of 286254?
8
What is the ten thousands digit of 1813309?
1
What is the hundreds digit of 1734341?
3
What is the hundreds digit of 19029210?
2
What is the hundred thousands digit of 6188277?
1
What is the units digit of 43797?
7
What is the thousands digit of 90492?
0
What is the millions digit of 6687454?
6
What is the thousands digit of 133112?
3
What is the hundreds digit of 14599?
5
What is the units digit of 5461?
1
What is the thousands digit of 3431901?
1
What is the ten thousands digit of 30024373?
2
What is the hundred thousands digit of 17814737?
8
What is the hundred thousands digit of 3395932?
3
What is the hundreds digit of 553599?
5
What is the millions digit of 22832571?
2
What is the units digit of 25872264?
4
What is the hundred thousands digit of 8950045?
9
What is the ten thousands digit of 34855?
3
What is the units digit of 6603711?
1
What is the hundreds digit of 6491744?
7
What is the ten millions digit of 19985681?
1
What is the hundred thousands digit of 3756215?
7
What is the hundreds digit of 15097447?
4
What is the hundred thousands digit of 324187?
3
What is the thousands digit of 4069054?
9
What is the hundreds digit of 12038706?
7
What is the ten thousands digit of 6495191?
9
What is the hundred thousands digit of 36095090?
0
What is the hundreds digit of 22707?
7
What is the thousands digit of 3026041?
6
What is the ten millions digit of 31565138?
3
What is the millions digit of 14926559?
4
What is the tens digit of 612240?
4
What is the millions digit of 5558516?
5
What is the units digit of 9700332?
2
What is the hundred thousands digit of 2483134?
4
What is the units digit of 111521?
1
What is the thousands digit of 490974?
0
What is the thousands digit of 6000586?
0
What is the ten thousands digit of 2480579?
8
What is the thousands digit of 3871484?
1
What is the ten thousands digit of 9201803?
0
What is the units digit of 73754?
4
What is the millions digit of 3042521?
3
What is the ten millions digit of 15220976?
1
What is the ten thousands digit of 362352?
6
What is the units digit of 1729229?
9
What is the ten thousands digit of 6608989?
0
What is the millions digit of 3584569?
3
What is the hundreds digit of 7588745?
7
What is the thousands digit of 243767?
3
What is the hundred thousands digit of 1124843?
1
What is the ten millions digit of 20366163?
2
What is the units digit of 525705?
5
What is the hundred thousands digit of 991454?
9
What is the ten millions digit of 16472867?
1
What is the hundred thousands digit of 3105445?
1
What is the thousands digit of 3105144?
5
What is the ten thousands digit of 7686425?
8
What is the thousands digit of 175848?
5
What is the hundred thousands digit of 4482124?
4
What is the units digit of 7857971?
1
What is the units digit of 836494?
4
What is the thousands digit of 105669?
5
What is the hundreds digit of 1680358?
3
What is the units digit of 7100242?
2
What is the tens digit of 11460?
6
What is the hundreds digit of 1702705?
7
What is the hundreds digit of 382281?
2
What is the tens digit of 16854683?
8
What is the tens digit of 9249589?
8
What is the ten thousands digit of 31986?
3
What is the millions digit of 6639402?
6
What is the millions digit of 14760637?
4
What is the millions digit of 1157699?
1
What is the ten thousands digit of 186855?
8
What is the tens digit of 22047546?
4
What is the hundreds digit of 5812397?
3
What is the hundreds digit of 443883?
8
What is the millions digit of 4393386?
4
What is the millions digit of 15278519?
5
What is the tens digit of 344042?
4
What is the hundred thousands digit of 222568?
2
What is the thousands digit of 185103?
5
What is the hundreds digit of 6987549?
5
What is the hundred thousands digit of 1797256?
7
What is the hundred thousands digit of 297766?
2
What is the tens digit of 142125?
2
What is the millions digit of 1436824?
1
What is the hundreds digit of 221204?
2
What is the thousands digit of 1153220?
3
What is the ten thousands digit of 271251?
7
What is the tens digit of 115161?
6
What is the units digit of 1043971?
1
What is the tens digit of 3592363?
6
What is the units digit of 1608823?
3
What is the hundreds digit of 5101759?
7
What is the units digit of 2752379?
9
What is the hundred thousands digit of 215925?
2
What is the hundreds digit of 744265?
2
What is the ten thousands digit of 27914?
2
What is the tens digit of 56154?
5
What is the hundred thousands digit of 756098?
7
What is the millions digit of 4091687?
4
What is the units digit of 4420975?
5
What is the tens digit of 365073?
7
What is the hundred thousands digit of 6086055?
0
What is the tens digit of 3962090?